-b**6/120 - 7*b**5/60 - 5*b**4/24 - 8*b**3/3 + 2*b**2. What is the units digit of m(-7)?
9
Suppose -4707 = -9*w + 8847. What is the units digit of w?
6
Let y(a) = -81*a + 25. What is the units digit of y(-4)?
9
Suppose -5*d + 5*c = -1260, -c + 5*c - 8 = 0. What is the hundreds digit of d?
2
Let f(p) = 3*p - 21. Let l be f(14). Let i = -3 + 20. Let a = i + l. What is the tens digit of a?
3
Let g be ((-6)/12)/((-2)/112). Suppose 0 = 26*c - g*c + 60. What is the units digit of c?
0
Let k(f) = -f**3 - 10*f**2 - f - 3. What is the units digit of k(-10)?
7
Let m(n) = 23*n**3 - 11*n**3 - 11*n**3 - 12 - 4*n + 5*n**2. What is the units digit of m(-5)?
8
Suppose 0*f - 4 = -4*f. Let h = f + 3. Let k(p) = -p**2 + 8*p + 5. What is the units digit of k(h)?
1
Let r = 19 + -27. Suppose -320 = 10*a - 14*a - 5*o, 3*o + 400 = 5*a. What is the units digit of (-286)/r - (-20)/a?
6
Suppose 0 = -3*r - 0*r + 6. Let n be 6 + (-2)/r*2. Suppose -n*s - 44 = -6*s. What is the tens digit of s?
2
Suppose -y - 2 = -6. Suppose 3*s + 4*i = 6, 2 - 8 = -3*s + y*i. Let j(r) = 6*r + 3. What is the units digit of j(s)?
5
What is the tens digit of 5654/10 - ((-102)/(-30) - 3)?
6
Suppose 1959 = 9*i - 2910. What is the units digit of i?
1
Let h(f) = -f**3 - 3*f**2 + 6. Let i be h(9). What is the units digit of i/(-12) - (-6)/4?
2
Let o(h) = 8*h**2 - 14*h + 30. What is the tens digit of o(3)?
6
Let s be (-1)/((-1)/1) + 134. Let k = -1199 + 1201. Suppose w - s = -k*w. What is the units digit of w?
5
Let d = 1081 + -695. What is the tens digit of d?
8
Suppose -l - 19 = -4*b, 12 = b + 5*l + 2. Suppose b*k = -4*u + 192, -k = 6*u - u - 261. What is the units digit of u?
3
Let t(f) = -2*f + 21. Let j be t(13). What is the tens digit of j/((-20)/(-128))*(0 - 3)?
9
Let z = -190 - 692. What is the hundreds digit of 4/((-48)/(-9)) + z/(-8)?
1
What is the units digit of (-118243)/(-161) + 0 + (-4)/(-7)?
5
Suppose 0 = -30*i + 33*i - 981. Let v = i - 203. What is the tens digit of v?
2
Let n(b) = 7*b**3 - b**2 + b - 2. Let j be n(2). Let h be 10*((-50)/4)/(-5). Let i = j - h. What is the units digit of i?
7
Let z = -38 + 38. Suppose 3*x - 5*d = 764, -d + z*d = 1. What is the tens digit of x?
5
Suppose -5*g = -3*b + 42, 5*b = -0*b + 4*g + 57. Suppose b*q - 14*q - 70 = 0. Let l = q + 16. What is the units digit of l?
2
Suppose w = 4*b - 0*w - 11760, -5*b + 14700 = -3*w. What is the hundreds digit of b?
9
Let b(v) = -49*v - 17. What is the tens digit of b(-20)?
6
What is the tens digit of 4*2/24 + 25080/9?
8
Suppose -4*o + 50*t - 46*t = -232, 5*o - 320 = -t. What is the tens digit of o?
6
Suppose 6*z - 3*z - 99 = 0. Let q be z/6*1*4. Let n = q - 12. What is the units digit of n?
0
Let r(n) = 2*n + 7. Let w be r(-5). Let a(m) = -639 + 3*m + 633 - 6*m. What is the units digit of a(w)?
3
Suppose -5*u + 2*u = -222. Suppose -4*q = -2*h - u, q = -2*q + 2*h + 56. What is the tens digit of q?
1
Let v(j) = 3*j**2 - 41*j - 34. What is the hundreds digit of v(18)?
2
Let l = -68 + 248. Suppose c - 8*m = -3*m + 27, l = 4*c - 2*m. What is the units digit of c?
7
Let u(h) = -h + 9. Suppose 16 = -4*t, -f - 2*t = 2*t + 26. What is the tens digit of u(f)?
1
Suppose 8*y - 280 = -40. What is the tens digit of (-3669)/(-15) + 12/y?
4
Let q(h) = 20*h - 20. Let n be q(8). Suppose 265 = 5*k - n. What is the tens digit of k?
8
Let v = 28 - 14. Suppose -d + 0 = -v. What is the tens digit of d?
1
Let h(d) = -10*d**3 - 2*d**2 + d - 3. Let p = 37 + -39. What is the tens digit of h(p)?
6
Let p(y) = -2*y**2 + y - 1. Let s(k) = k**2 + k + 1. Let f(m) = p(m) + 3*s(m). What is the tens digit of f(-11)?
7
What is the units digit of ((-3)/(-6))/(((-6)/(-1))/42492)?
1
Let d(z) = -z**3 - z**2 + 44*z + 242. What is the hundreds digit of d(0)?
2
Suppose 53*s = 68*s - 26820. What is the hundreds digit of s?
7
Suppose 3*d = 341 + 7. Suppose b + b - v - d = 0, 5*v - 275 = -5*b. What is the units digit of b?
7
Let o be (4 - (-1 + 4)) + 1. Suppose 0 = o*z - 0*y + 5*y - 382, 382 = 2*z - y. What is the tens digit of z?
9
Suppose 4*u = h + 31, 0*u + 3*u = -h + 18. Let m(y) = y**3 + u - 11*y**2 - 2 + 10*y - 1. What is the units digit of m(10)?
4
Let d(f) be the second derivative of f**5/20 - f**4/3 + 7*f**3/6 - 3*f**2/2 + 8*f. What is the tens digit of d(5)?
5
Suppose -b = -3*z + 356, -5*z - 255 + 848 = -2*b. Suppose -z = -5*c + 31. Suppose -k - 3*r = -c, -k + 26 + 9 = 4*r. What is the units digit of k?
5
Let y = 295 + -85. Suppose 5*v - 11*v = -y. What is the units digit of v?
5
Let m be (-2 - -32)*(-14)/5. Let n be ((-7)/(-14))/(3/m). What is the units digit of n/(-70) + (-104)/(-5)?
1
Let f(o) = 2*o**2 - 16*o - 2. What is the tens digit of f(9)?
1
Suppose 8*h - 3*h = 880. Suppose -14*s = -10*s - h. What is the units digit of s?
4
Let h be (8 + -4)/1 - 5. What is the units digit of (h - 0)/((-6)/378)?
3
Let b(k) = k**3 - 4*k**2 + 11*k - 14. Let o be b(6). Suppose -706 = -5*c + 2*f, -2*c + 398 = 2*f + o. What is the units digit of c?
0
Let b = 1074 - -165. What is the units digit of b?
9
Let d(h) = h**2 - 16*h - 11. Let w be d(17). Let b(r) = 6*r**2 + 12*r - 45. What is the units digit of b(w)?
3
Let a = 23 + -29. What is the units digit of a*(0 + (-5)/2)?
5
Suppose -17*o + 2920 = -22835. What is the thousands digit of o?
1
Suppose -9*b + 5*b - 256 = 0. Let z = 18 + b. Let v = 69 + z. What is the units digit of v?
3
What is the units digit of (-1)/((-7)/56) + 914?
2
Suppose 0 = 8*a - 16*a - 64. Let t(b) = -22*b - 21. What is the units digit of t(a)?
5
Let h be ((-5)/(-10))/(2/216). Suppose 4*n + 3*q - 159 = 0, 3*n - 2*n = 4*q + h. What is the units digit of n?
2
What is the units digit of 24*((-2046)/24)/(-1)?
6
Let q(o) = -2*o**3 - 21*o**2 + 12*o + 14. Let u be q(-11). Let p(g) = 2*g**2 - g - 1. Let i be p(-2). What is the units digit of (-1*i/u)/(-1)?
3
Suppose 0 = 2*s - 2*k - 1916, 4*k - 2472 + 586 = -2*s. What is the tens digit of s?
5
Let t(s) = 2*s**2 - 3*s + 6. What is the tens digit of t(-15)?
0
Suppose -7153 = -9*l - 2131. What is the tens digit of l?
5
Suppose -4*f - 17 - 7 = 0. What is the tens digit of (4/f)/((-2)/174)?
5
Suppose -b + 32 = 29. Suppose 2*o - 2*r + 3*r = 294, 5*o = b*r + 746. What is the tens digit of o?
4
Let l = 101 - -166. Suppose -2*c - l = -5*c. What is the tens digit of c?
8
Let l(j) = 3*j + 9. Let m be l(-6). Let r be (-3)/m + 816/9. Suppose 3*f - 5*o = -0*f + r, -4*o = -5*f + 130. What is the tens digit of f?
2
Suppose 0 = -f + 2 + 1. Suppose -h - 8 = -2*y + 6, f*h - 12 = 0. Suppose -10*r + 8 = -y*r. What is the units digit of r?
8
Let b(u) = -52*u**3. Let g be b(-1). Suppose 2*a + 4*k = 8*k - 36, -102 = 4*a - 2*k. Let j = a + g. What is the tens digit of j?
2
Suppose -2 = 3*d - c, -2*d - 4*c = d + 7. Let n(y) = y**3 + 2*y + 1. Let i be n(d). What is the units digit of (i/(-4))/(1/2)?
1
Suppose -b + 5337 = 5*s - 764, -2*b + 2442 = 2*s. What is the thousands digit of s?
1
Let m = -138 - -264. Suppose m = 5*q + q. What is the units digit of q?
1
Let s = -123 + 123. Let b = 0 + 3. Suppose b*g - 3 - 126 = s. What is the tens digit of g?
4
Let d(i) = 10*i**2 + 2. Let y(q) = q**2 + 1. Let w be y(-2). Let p(t) = 9*t**2 + 2. Let g(v) = w*p(v) - 4*d(v). What is the tens digit of g(2)?
2
Let o(i) = 40*i - 375. What is the units digit of o(23)?
5
What is the tens digit of 7 - ((1 - 6) + -149)?
6
Let v(i) = -17*i. Let a be v(1). Let d = 28 - a. Suppose 2*b - 1 = d. What is the units digit of b?
3
Let p = 13 + -19. Let g = p - -5. What is the tens digit of 10/(-4)*(-5 - g)?
1
What is the hundreds digit of (9/(-4) - (-25)/20) + 395?
3
Let g = 379 + -352. What is the units digit of g?
7
Suppose y = 1357 - 527. Suppose 0 = 7*n - y - 808. What is the hundreds digit of n?
2
Let d be 0 - (1 + (-18)/2). Suppose 0 = -d*z + 4*z + 100. What is the tens digit of z?
2
Suppose 8*o = 5 + 75. Suppose 3*h = o*h - 315. What is the units digit of h?
5
What is the units digit of 30/(-60)*(-13736)/2?
4
Let x = -17 + 20. Suppose -x*l + 43 + 14 = 0. Let j = 36 - l. What is the units digit of j?
7
Suppose 122 = z + 3*c, 0*c = -3*z + 4*c + 301. Suppose -z = -n + 5*h, -4*n - h + 405 = -86. Let f = -60 + n. What is the units digit of f?
2
Let n be ((-3)/(-2))/((-9)/(-24)). Let x be 3/n - 2824/(-32). Suppose v - 5*w = x, 4*w - 198 = -4*v + 38. What